{"id":356,"date":"2017-08-30T15:34:29","date_gmt":"2017-08-30T13:34:29","guid":{"rendered":"http:\/\/www.lopanner.com\/vda\/?page_id=356"},"modified":"2023-06-23T17:37:28","modified_gmt":"2023-06-23T15:37:28","slug":"architettura","status":"publish","type":"page","link":"https:\/\/lopanner.com\/vda\/architettura\/","title":{"rendered":"Architettura"},"content":{"rendered":"<p>[et_pb_section fb_built=&#8221;1&#8243; fullwidth=&#8221;on&#8221; _builder_version=&#8221;3.0.66&#8243; background_color=&#8221;#e02b20&#8243; global_module=&#8221;247&#8243; locked=&#8221;off&#8221;][et_pb_fullwidth_image src=&#8221;https:\/\/www.lopanner.com\/vda\/wp-content\/uploads\/2017\/09\/forno_home2.jpg&#8221; disabled_on=&#8221;on|on|&#8221; _builder_version=&#8221;3.0.87&#8243; animation=&#8221;off&#8221; border_style=&#8221;solid&#8221;][\/et_pb_fullwidth_image][et_pb_fullwidth_image src=&#8221;https:\/\/www.lopanner.com\/vda\/wp-content\/uploads\/2017\/09\/forno_home.jpg&#8221; disabled_on=&#8221;||on&#8221; _builder_version=&#8221;3.0.87&#8243; animation=&#8221;off&#8221; border_style=&#8221;solid&#8221;][\/et_pb_fullwidth_image][\/et_pb_section][et_pb_section fb_built=&#8221;1&#8243; _builder_version=&#8221;3.22&#8243; custom_padding=&#8221;30px|0px|40px|0px&#8221;][et_pb_row _builder_version=&#8221;3.25&#8243; background_size=&#8221;initial&#8221; background_position=&#8221;top_left&#8221; background_repeat=&#8221;repeat&#8221; custom_padding=&#8221;32px|0px|15px|0px&#8221;][et_pb_column type=&#8221;4_4&#8243; _builder_version=&#8221;3.25&#8243; custom_padding=&#8221;|||&#8221; custom_padding__hover=&#8221;|||&#8221;][et_pb_text admin_label=&#8221;INSERIRE QUI TITOLO PAGINA&#8221; _builder_version=&#8221;3.27.4&#8243; header_font_size=&#8221;40px&#8221; header_font_size_tablet=&#8221;&#8221; header_font_size_phone=&#8221;25px&#8221; header_font_size_last_edited=&#8221;on|phone&#8221; border_style=&#8221;solid&#8221;]<\/p>\n<h1 style=\"text-align: center;\"><strong>ARCHITETTURA<\/strong><\/h1>\n<p>[\/et_pb_text][\/et_pb_column][\/et_pb_row][et_pb_row _builder_version=&#8221;3.25&#8243; background_size=&#8221;initial&#8221; background_position=&#8221;top_left&#8221; background_repeat=&#8221;repeat&#8221;][et_pb_column type=&#8221;4_4&#8243; _builder_version=&#8221;3.25&#8243; custom_padding=&#8221;|||&#8221; custom_padding__hover=&#8221;|||&#8221;][et_pb_text admin_label=&#8221;TESTO ARCHITETTURA&#8221; _builder_version=&#8221;4.6.1&#8243; text_font_size=&#8221;19&#8243; text_line_height=&#8221;1.8em&#8221; hover_enabled=&#8221;0&#8243; border_style=&#8221;solid&#8221; sticky_enabled=&#8221;0&#8243;]<div id=\"attachment_359\" style=\"width: 618px\" class=\"wp-caption alignleft\"><a href=\"https:\/\/www.lopanner.com\/vda\/wp-content\/uploads\/2017\/08\/1-forni.jpg\"><img aria-describedby=\"caption-attachment-359\" loading=\"lazy\" class=\"wp-image-359 size-full\" src=\"https:\/\/www.lopanner.com\/vda\/wp-content\/uploads\/2017\/08\/1-forni.jpg\" alt=\"\" width=\"608\" height=\"458\" srcset=\"https:\/\/lopanner.com\/vda\/wp-content\/uploads\/2017\/08\/1-forni.jpg 608w, https:\/\/lopanner.com\/vda\/wp-content\/uploads\/2017\/08\/1-forni-300x226.jpg 300w\" sizes=\"(max-width: 608px) 100vw, 608px\" \/><\/a><p id=\"caption-attachment-359\" class=\"wp-caption-text\">Ayas, Cun\u00e9az. Forno con un grande camino.<\/p><\/div><\/p>\n<p>In Valle d\u2019Aosta, i forni in muratura discendono da una tradizione antica, legata all\u2019essicazione dei frutti autunnali, alla preparazione dei dolci e alla cottura annuale del pane in periodo natalizio.\u00a0\u00a0 \u00a0<\/p>\n<p>Una volta, i forni della nostra regione erano numerosi e situati all\u2019interno di castelli, borghi, villaggi, parrocchie, abitazioni private e esercizi commerciali. Oggi se ne contano 300, di cui circa 140 sono ancora in funzione e sono gestiti secondo la prassi consortile.<\/p>\n<p>I nobili traevano profitto dai forni, poich\u00e9 i contadini dovevano pagargli un tributo per potervi accedere. <br \/>D\u2019altra parte, l\u2019usanza della panificazione dava vita a un momento di aggregazione per le comunit\u00e0 di borghi e villaggi. Nonostante fossero stati costruiti anche ad opera di ordini religiosi o di privati, la collettivit\u00e0 poteva comunque fruirne. <br \/>Con il passare degli anni, grazie a periodiche ristrutturazioni e migliorie, i forni sono diventati sempre pi\u00f9 performanti e mantengono un senso di affiatamento tra gli abitanti.<\/p>\n<p>Esistono due tipologie di forni che si differenziano per il modo di accedere al focolare: dall\u2019esterno o dall\u2019interno del locale che lo ospita. <\/p>\n<p>Alcuni forni, con entrata dall\u2019esterno, possono essere caratterizzati da avantetti di copertura oppure, per l\u2019esiguit\u00e0 di spazio nei villaggi, essere addossati all\u2019edificio principale. Solo in rari casi sono dotati di un locale soprastante.<\/p>\n<p>Altri forni sono all\u2019interno di un fabbricato caratteristico, quindi, grazie all\u2019utilizzo funzionale dei locali, risultano pi\u00f9 adatti nell\u2019 ospitare le famiglie all\u2019opera. <br \/>In generale, i forni sono formati da una suola, una volta, un vano per la cenere, una bocca del forno dotata di porta, prese d\u2019aria per favorire l\u2019accensione, un parafiamma superiore, un camino, mensole d\u2019appoggio esterne e nicchie per i lumi, in caso di lavoro notturno.<\/p>\n<p>&nbsp;<\/p>\n<p class=\"p3\">\n<div id=\"attachment_377\" style=\"width: 310px\" class=\"wp-caption alignleft\"><img aria-describedby=\"caption-attachment-377\" loading=\"lazy\" class=\"wp-image-377 size-medium\" src=\"https:\/\/www.lopanner.com\/vda\/wp-content\/uploads\/2017\/08\/2-forni-300x226.jpg\" alt=\"\" width=\"300\" height=\"226\" srcset=\"https:\/\/lopanner.com\/vda\/wp-content\/uploads\/2017\/08\/2-forni-300x226.jpg 300w, https:\/\/lopanner.com\/vda\/wp-content\/uploads\/2017\/08\/2-forni-510x382.jpg 510w, https:\/\/lopanner.com\/vda\/wp-content\/uploads\/2017\/08\/2-forni.jpg 735w\" sizes=\"(max-width: 300px) 100vw, 300px\" \/><p id=\"caption-attachment-377\" class=\"wp-caption-text\">Gressoney-Saint-Jean, Trebelsch\u2019hus. Forno addossato a un\u2019abitazione.<\/p><\/div><\/p>\n<p class=\"p3\">Inoltre, esistono vari modelli di copertura che contraddistinguono la protezione dei forni: possono essere a una o a due falde, a struttura semi conica e con copertura in terra. Tra queste, tutte, eccetto l\u2019ultima, hanno una tettoia in lose.<br \/>Per proteggere il trave maestro del tetto dal calore del forno, si posizionava una lastra di pietra a sbalzo.<\/p>\n<p>Grazie al susseguirsi di ristrutturazioni, alcuni forni, sono stati rifiniti con arcate frontali in pietra.<\/p>\n<p>Il profilo triangolare della bocca caratterizza i forni di epoca pi\u00f9 antica, costruiti tra il XVIII secolo e la prima met\u00e0 del XIX, mentre quelli ad arco caratterizzano i pi\u00f9 recenti. Tra i forni pi\u00f9 arcaici, menzioniamo quello di frazione Buillet, a Introd, risalente al 1692, mentre quello di frazione Anselmet ha origine nel 1651.<\/p>\n<p>&nbsp;<\/p>\n<p class=\"p3\">\n<div id=\"attachment_378\" style=\"width: 310px\" class=\"wp-caption alignleft\"><img aria-describedby=\"caption-attachment-378\" loading=\"lazy\" class=\"wp-image-378 size-medium\" src=\"https:\/\/www.lopanner.com\/vda\/wp-content\/uploads\/2017\/08\/3-forni-300x207.jpg\" alt=\"\" width=\"300\" height=\"207\" srcset=\"https:\/\/lopanner.com\/vda\/wp-content\/uploads\/2017\/08\/3-forni-300x207.jpg 300w, https:\/\/lopanner.com\/vda\/wp-content\/uploads\/2017\/08\/3-forni.jpg 406w\" sizes=\"(max-width: 300px) 100vw, 300px\" \/><p id=\"caption-attachment-378\" class=\"wp-caption-text\">Challand-Saint-Victor, Champeille. Profilo della bocca triangolare con inciso per due volte la scritta MARTIN.<\/p><\/div><\/p>\n<p class=\"p3\">Nel comune di Ayas, dove sono preservati circa trentasei forni, quello consortile di Magn\u00e9az (capienza per 160 pani), creato nel 1859, \u00e8 degno di nota.<\/p>\n<p>Sul territorio valdostano ci sono anche esempi di forni costruiti in mattoni, eretti alla fine del XIX secolo; quelli utilizzati\u00a0dai partigiani risalgono all\u2019ultimo periodo bellico. Nel XX secolo, con l\u2019avvento del turismo, si concepiscono strutture associate ad alberghi e a esercizi commerciali.<\/p>\n<p>I realizzatori di forni, erano principalmente muratori provenienti dalla Valle del Lys, specializzati nella cura delle proporzioni, nella scelta dei materiali e nell\u2019esecuzione di volte in pietra. <br \/>A tale proposito, nel comune di Ayas \u00e8 stato rinvenuto un documento risalente al 1680, che cita suddetti migranti stagionali come coloro che prestavano la propria opera a committenti privati.<\/p>\n<p><em>Documento tratto da: Les fours \u00e0 pain en Vall\u00e9e d\u2019Aoste, Remacle Claudine, Region autonome Vall\u00e9e d\u2019Aoste\u2028 Assessorat de l\u2019\u00e9ducation et de la culture, Bureau R\u00e9gional Ethnologie et Linguistique, Aoste, 2014<\/em><\/p>\n<p>&nbsp;<\/p>\n<p>&nbsp;<\/p>\n<p>&nbsp;<\/p>\n<p>&nbsp;<\/p>\n<p>&nbsp;<\/p>\n<p>[\/et_pb_text][\/et_pb_column][\/et_pb_row][\/et_pb_section][et_pb_section fb_built=&#8221;1&#8243; _builder_version=&#8221;3.22&#8243; custom_padding=&#8221;0px|0px|64px|0px&#8221;][et_pb_row _builder_version=&#8221;3.25&#8243; background_size=&#8221;initial&#8221; background_position=&#8221;top_left&#8221; background_repeat=&#8221;repeat&#8221; global_module=&#8221;343&#8243;][et_pb_column type=&#8221;4_4&#8243; _builder_version=&#8221;3.0.47&#8243; background_position=&#8221;top_left&#8221; custom_padding=&#8221;|||&#8221; custom_padding__hover=&#8221;|||&#8221;][et_pb_image src=&#8221;https:\/\/www.lopanner.com\/vda\/wp-content\/uploads\/2017\/08\/intangiblesearch.png&#8221; url=&#8221;http:\/\/www.intangiblesearch.eu\/search\/show_ich_detail.php?db_name=intangible_search&#038;lingua=italiano&#038;idk=ICH-DST00-0000000292&#8243; url_new_window=&#8221;on&#8221; align=&#8221;center&#8221; align_tablet=&#8221;center&#8221; align_phone=&#8221;&#8221; align_last_edited=&#8221;on|desktop&#8221; admin_label=&#8221;LOGO INSTANGIBLE SEARCH&#8221; _builder_version=&#8221;3.29.2&#8243; width=&#8221;400px&#8221; max_width=&#8221;400px&#8221; animation=&#8221;off&#8221; border_style=&#8221;solid&#8221; sticky=&#8221;off&#8221; always_center_on_mobile=&#8221;on&#8221;][\/et_pb_image][et_pb_image src=&#8221;https:\/\/lopanner.com\/vda\/wp-content\/uploads\/2022\/09\/Loghi-generali2022_web.jpg&#8221; title_text=&#8221;Loghi-generali2022_web&#8221; align=&#8221;center&#8221; align_tablet=&#8221;center&#8221; align_phone=&#8221;&#8221; align_last_edited=&#8221;on|desktop&#8221; admin_label=&#8221;LOGHI UNIONE EUROPEA&#8221; _builder_version=&#8221;4.6.1&#8243; animation=&#8221;off&#8221; border_style=&#8221;solid&#8221; sticky=&#8221;off&#8221; always_center_on_mobile=&#8221;on&#8221;][\/et_pb_image][\/et_pb_column][\/et_pb_row][\/et_pb_section]<\/p>\n","protected":false},"excerpt":{"rendered":"<p>[et_pb_section fb_built=&#8221;1&#8243; fullwidth=&#8221;on&#8221; _builder_version=&#8221;3.0.66&#8243; background_color=&#8221;#e02b20&#8243; global_module=&#8221;247&#8243; locked=&#8221;off&#8221;][et_pb_fullwidth_image src=&#8221;https:\/\/www.lopanner.com\/vda\/wp-content\/uploads\/2017\/09\/forno_home2.jpg&#8221; disabled_on=&#8221;on|on|&#8221; _builder_version=&#8221;3.0.87&#8243; animation=&#8221;off&#8221; border_style=&#8221;solid&#8221;][\/et_pb_fullwidth_image][et_pb_fullwidth_image src=&#8221;https:\/\/www.lopanner.com\/vda\/wp-content\/uploads\/2017\/09\/forno_home.jpg&#8221; disabled_on=&#8221;||on&#8221; _builder_version=&#8221;3.0.87&#8243; animation=&#8221;off&#8221; border_style=&#8221;solid&#8221;][\/et_pb_fullwidth_image][\/et_pb_section][et_pb_section fb_built=&#8221;1&#8243; _builder_version=&#8221;3.22&#8243; custom_padding=&#8221;30px|0px|40px|0px&#8221;][et_pb_row _builder_version=&#8221;3.25&#8243; background_size=&#8221;initial&#8221; background_position=&#8221;top_left&#8221; background_repeat=&#8221;repeat&#8221; custom_padding=&#8221;32px|0px|15px|0px&#8221;][et_pb_column type=&#8221;4_4&#8243; _builder_version=&#8221;3.25&#8243; custom_padding=&#8221;|||&#8221; custom_padding__hover=&#8221;|||&#8221;][et_pb_text admin_label=&#8221;INSERIRE QUI TITOLO PAGINA&#8221; _builder_version=&#8221;3.27.4&#8243; header_font_size=&#8221;40px&#8221; header_font_size_tablet=&#8221;&#8221; header_font_size_phone=&#8221;25px&#8221; header_font_size_last_edited=&#8221;on|phone&#8221; border_style=&#8221;solid&#8221;] ARCHITETTURA [\/et_pb_text][\/et_pb_column][\/et_pb_row][et_pb_row _builder_version=&#8221;3.25&#8243; background_size=&#8221;initial&#8221; background_position=&#8221;top_left&#8221; background_repeat=&#8221;repeat&#8221;][et_pb_column type=&#8221;4_4&#8243; _builder_version=&#8221;3.25&#8243; custom_padding=&#8221;|||&#8221; custom_padding__hover=&#8221;|||&#8221;][et_pb_text admin_label=&#8221;TESTO ARCHITETTURA&#8221; _builder_version=&#8221;4.6.1&#8243; text_font_size=&#8221;19&#8243; text_line_height=&#8221;1.8em&#8221; hover_enabled=&#8221;0&#8243; [&hellip;]<\/p>\n","protected":false},"author":1,"featured_media":0,"parent":0,"menu_order":0,"comment_status":"closed","ping_status":"closed","template":"","meta":{"_et_pb_use_builder":"on","_et_pb_old_content":"","_et_gb_content_width":""},"_links":{"self":[{"href":"https:\/\/lopanner.com\/vda\/wp-json\/wp\/v2\/pages\/356"}],"collection":[{"href":"https:\/\/lopanner.com\/vda\/wp-json\/wp\/v2\/pages"}],"about":[{"href":"https:\/\/lopanner.com\/vda\/wp-json\/wp\/v2\/types\/page"}],"author":[{"embeddable":true,"href":"https:\/\/lopanner.com\/vda\/wp-json\/wp\/v2\/users\/1"}],"replies":[{"embeddable":true,"href":"https:\/\/lopanner.com\/vda\/wp-json\/wp\/v2\/comments?post=356"}],"version-history":[{"count":20,"href":"https:\/\/lopanner.com\/vda\/wp-json\/wp\/v2\/pages\/356\/revisions"}],"predecessor-version":[{"id":7900,"href":"https:\/\/lopanner.com\/vda\/wp-json\/wp\/v2\/pages\/356\/revisions\/7900"}],"wp:attachment":[{"href":"https:\/\/lopanner.com\/vda\/wp-json\/wp\/v2\/media?parent=356"}],"curies":[{"name":"wp","href":"https:\/\/api.w.org\/{rel}","templated":true}]}}